{"id":2,"date":"2016-05-10T03:48:21","date_gmt":"2016-05-10T03:48:21","guid":{"rendered":"http:\/\/wp452m.a10-52-158-154.qa.plesk.ru\/wordpress\/?page_id=2"},"modified":"2019-01-09T19:34:06","modified_gmt":"2019-01-09T19:34:06","slug":"sample-page","status":"publish","type":"page","link":"https:\/\/kern-prozessberatung.de\/","title":{"rendered":"Mein Motto &#8222;einfach und nicht komplex&#8220; &#8211; &#8222;aber nachhaltig und wirtschaftlich&#8220;"},"content":{"rendered":"<p>Einen Partner f\u00fcr Sie um Aufgaben wirtschaftlich und nachhaltig zu l\u00f6sen.<\/p>\n<p>Um einer erfolgreiche und zielf\u00fchrende Optimierung der Prozesse zu erreichen berate und unterst\u00fctze ich organisatorisch und methodisch bei ausgew\u00e4hlten Themenschwerpunkten und Schl\u00fcsselaufgaben. Dies f\u00fchrt zu messbaren Verbesserungen der finanziellen und zeitlichen Gegebenheiten.<\/p>\n<p>Ich biete Ihnen&nbsp;aus der Praxis f\u00fcr die Praxis, pragmatische, flexible und schnelle L\u00f6sungen zu aktuellen Aufgabenstellungen.<\/p>\n","protected":false},"excerpt":{"rendered":"<p>Einen Partner f\u00fcr Sie um Aufgaben wirtschaftlich und nachhaltig zu l\u00f6sen. Um einer erfolgreiche und zielf\u00fchrende Optimierung der Prozesse zu erreichen berate und unterst\u00fctze ich organisatorisch und methodisch bei ausgew\u00e4hlten &#8230;<\/p>\n","protected":false},"author":1,"featured_media":0,"parent":0,"menu_order":0,"comment_status":"closed","ping_status":"open","template":"template-frontpage.php","meta":{"footnotes":""},"class_list":["post-2","page","type-page","status-publish","hentry"],"_links":{"self":[{"href":"https:\/\/kern-prozessberatung.de\/index.php?rest_route=\/wp\/v2\/pages\/2","targetHints":{"allow":["GET"]}}],"collection":[{"href":"https:\/\/kern-prozessberatung.de\/index.php?rest_route=\/wp\/v2\/pages"}],"about":[{"href":"https:\/\/kern-prozessberatung.de\/index.php?rest_route=\/wp\/v2\/types\/page"}],"author":[{"embeddable":true,"href":"https:\/\/kern-prozessberatung.de\/index.php?rest_route=\/wp\/v2\/users\/1"}],"replies":[{"embeddable":true,"href":"https:\/\/kern-prozessberatung.de\/index.php?rest_route=%2Fwp%2Fv2%2Fcomments&post=2"}],"version-history":[{"count":5,"href":"https:\/\/kern-prozessberatung.de\/index.php?rest_route=\/wp\/v2\/pages\/2\/revisions"}],"predecessor-version":[{"id":327,"href":"https:\/\/kern-prozessberatung.de\/index.php?rest_route=\/wp\/v2\/pages\/2\/revisions\/327"}],"wp:attachment":[{"href":"https:\/\/kern-prozessberatung.de\/index.php?rest_route=%2Fwp%2Fv2%2Fmedia&parent=2"}],"curies":[{"name":"wp","href":"https:\/\/api.w.org\/{rel}","templated":true}]}}